{"id":29179,"date":"2026-04-17T12:41:18","date_gmt":"2026-04-17T12:41:18","guid":{"rendered":"https:\/\/hoteleschips.com\/fene\/?page_id=29179"},"modified":"2026-04-17T12:48:45","modified_gmt":"2026-04-17T12:48:45","slug":"terms-conditions","status":"publish","type":"page","link":"https:\/\/hoteleschips.com\/fene\/terms-conditions\/","title":{"rendered":"Terms &#038; Conditions"},"content":{"rendered":"\t\t<div data-elementor-type=\"wp-page\" data-elementor-id=\"29179\" class=\"elementor elementor-29179\" data-elementor-post-type=\"page\">\n\t\t\t\t<div class=\"wd-negative-gap elementor-element elementor-element-400ddaf0 wd-section-stretch e-flex e-con-boxed e-con e-parent\" data-id=\"400ddaf0\" data-element_type=\"container\" data-e-type=\"container\" data-settings=\"{&quot;background_background&quot;:&quot;classic&quot;}\">\n\t\t\t\t\t<div class=\"e-con-inner\">\n\t\t\t\t<div class=\"elementor-element elementor-element-599d51f7 elementor-widget elementor-widget-heading\" data-id=\"599d51f7\" data-element_type=\"widget\" data-e-type=\"widget\" data-widget_type=\"heading.default\">\n\t\t\t\t\t<h1 class=\"elementor-heading-title elementor-size-default\">T\u00e9rminos Y Condiciones<\/h1>\t\t\t\t<\/div>\n\t\t\t\t\t<\/div>\n\t\t\t\t<\/div>\n\t\t<div class=\"wd-negative-gap elementor-element elementor-element-5565f82a e-flex e-con-boxed e-con e-parent\" data-id=\"5565f82a\" data-element_type=\"container\" data-e-type=\"container\">\n\t\t\t\t\t<div class=\"e-con-inner\">\n\t\t\t\t<div class=\"elementor-element elementor-element-2be9f11d color-scheme-inherit text-left elementor-widget elementor-widget-text-editor\" data-id=\"2be9f11d\" data-element_type=\"widget\" data-e-type=\"widget\" data-widget_type=\"text-editor.default\">\n\t\t\t\t\t\t\t\t\t<h1 style=\"color: #000000;\">T\u00e9rminos Y Condiciones<\/h1><p>Estos t\u00e9rminos y condiciones regulan el uso del sitio web y los servicios de Hotel Chips Fene. Al acceder a nuestro sitio web o realizar una reserva, usted acepta estos t\u00e9rminos.<\/p><h2 style=\"color: #000000;\">Reservas<\/h2><p>Todas las reservas est\u00e1n sujetas a disponibilidad y deben ser confirmadas. Los clientes son responsables de proporcionar informaci\u00f3n de reserva precisa.<\/p><h2 style=\"color: #000000;\">Precios<\/h2><p>Los precios pueden variar seg\u00fan las fechas, la disponibilidad y el tipo de habitaci\u00f3n. El precio final se confirma en el momento de la reserva.<\/p><h2 style=\"color: #000000;\">Check-in &amp; Check-out<\/h2><p>Los clientes deben seguir las pol\u00edticas de entrada y salida del hotel. Por favor, contacte con el hotel para conocer los horarios espec\u00edficos.<\/p><h2 style=\"color: #000000;\">Pol\u00edtica De Cancelaci\u00f3n<\/h2><p>Las pol\u00edticas de cancelaci\u00f3n pueden variar seg\u00fan las condiciones de la reserva. Se recomienda revisar los t\u00e9rminos en el momento de la reserva.<\/p><h2 style=\"color: #000000;\">Responsabilidades De Los Clientes<\/h2><p>Se espera que los clientes respeten las instalaciones del hotel y mantengan un comportamiento adecuado durante su estancia.<\/p><h2 style=\"color: #000000;\">Responsabilidad<\/h2><p>El hotel no se hace responsable de la p\u00e9rdida, robo o da\u00f1o de pertenencias personales durante la estancia.<\/p><h2 style=\"color: #000000;\">Informaci\u00f3n De Contacto<\/h2><p><a href=\"mailto:reservas@hoteleschips.com\">Correo Electr\u00f3nico: reservas@hoteleschips.com<\/a><br \/><a href=\"tel:+34665115621\"><strong>Tel: <\/strong> +34 665 11 56 21<\/a><br \/><a href=\"https:\/\/wa.me\/34665115621\" target=\"_blank\" rel=\"noopener\">WhatsApp: +34 665 11 56 21<\/a><\/p>\t\t\t\t\t\t\t\t<\/div>\n\t\t\t\t\t<\/div>\n\t\t\t\t<\/div>\n\t\t\t\t<\/div>\n\t\t","protected":false},"excerpt":{"rendered":"<p>T\u00e9rminos Y Condiciones T\u00e9rminos Y Condiciones Estos t\u00e9rminos y condiciones regulan el uso del sitio web y los servicios de<\/p>\n","protected":false},"author":1,"featured_media":0,"parent":0,"menu_order":12,"comment_status":"closed","ping_status":"closed","template":"","meta":{"footnotes":""},"class_list":["post-29179","page","type-page","status-publish","hentry"],"_links":{"self":[{"href":"https:\/\/hoteleschips.com\/fene\/wp-json\/wp\/v2\/pages\/29179","targetHints":{"allow":["GET"]}}],"collection":[{"href":"https:\/\/hoteleschips.com\/fene\/wp-json\/wp\/v2\/pages"}],"about":[{"href":"https:\/\/hoteleschips.com\/fene\/wp-json\/wp\/v2\/types\/page"}],"author":[{"embeddable":true,"href":"https:\/\/hoteleschips.com\/fene\/wp-json\/wp\/v2\/users\/1"}],"replies":[{"embeddable":true,"href":"https:\/\/hoteleschips.com\/fene\/wp-json\/wp\/v2\/comments?post=29179"}],"version-history":[{"count":10,"href":"https:\/\/hoteleschips.com\/fene\/wp-json\/wp\/v2\/pages\/29179\/revisions"}],"predecessor-version":[{"id":29194,"href":"https:\/\/hoteleschips.com\/fene\/wp-json\/wp\/v2\/pages\/29179\/revisions\/29194"}],"wp:attachment":[{"href":"https:\/\/hoteleschips.com\/fene\/wp-json\/wp\/v2\/media?parent=29179"}],"curies":[{"name":"wp","href":"https:\/\/api.w.org\/{rel}","templated":true}]}}